st common divisor of 3572413 and 16199?
97
Calculate the greatest common divisor of 402129 and 326326.
91
What is the greatest common factor of 3591 and 1418502?
57
What is the highest common factor of 7014 and 5630677878?
7014
What is the highest common factor of 32671 and 48803?
37
Calculate the greatest common divisor of 1136 and 1653328.
16
Calculate the greatest common divisor of 4282296 and 570.
114
What is the highest common divisor of 44792 and 231528?
88
What is the highest common divisor of 5056 and 1507952?
1264
What is the highest common factor of 60 and 478785540?
60
Calculate the greatest common factor of 676 and 3986034.
338
What is the greatest common factor of 4928825 and 4675?
275
Calculate the greatest common divisor of 2467889 and 1207.
71
Calculate the highest common divisor of 96382688 and 1264.
16
Calculate the highest common divisor of 6280615 and 110.
55
What is the greatest common divisor of 2074762 and 143034?
1538
Calculate the highest common divisor of 4313 and 9053595.
19
Calculate the greatest common factor of 83 and 1506216438.
83
What is the highest common divisor of 566 and 3548730289?
283
What is the greatest common divisor of 4917495 and 1320?
165
What is the greatest common divisor of 909316 and 38023?
809
Calculate the highest common factor of 214 and 2404183.
107
Calculate the highest common divisor of 13004 and 17196.
4
What is the greatest common factor of 8444733 and 187?
187
What is the greatest common divisor of 416 and 12200576?
32
What is the greatest common factor of 1980 and 495660?
660
What is the highest common factor of 20359075 and 1111?
1111
Calculate the highest common factor of 671 and 621181.
11
What is the highest common divisor of 1116 and 4460466?
186
Calculate the greatest common factor of 3601 and 200271.
277
Calculate the highest common factor of 164565 and 897345.
3105
Calculate the highest common factor of 51 and 837609.
3
What is the greatest common divisor of 111474708 and 36?
12
What is the greatest common divisor of 2130 and 1238433120?
2130
What is the greatest common divisor of 1626012 and 534564?
1116
Calculate the highest common factor of 96 and 53145192.
24
What is the greatest common factor of 1746794 and 154?
14
Calculate the highest common factor of 2597732 and 86508.
356
Calculate the highest common divisor of 4293866 and 1240598.
3326
What is the greatest common divisor of 16380319 and 543?
181
Calculate the highest common factor of 1061475 and 60.
15
Calculate the highest common divisor of 198115590 and 1590.
1590
What is the greatest common factor of 5255289 and 1872?
117
Calculate the greatest common factor of 75259834 and 206.
206
What is the highest common divisor of 3927859 and 1937?
13
What is the highest common divisor of 1 and 30249191?
1
What is the greatest common divisor of 4522 and 243423782?
4522
Calculate the highest common factor of 527 and 656027518.
527
Calculate the greatest common factor of 31205 and 106255.
395
Calculate the highest common divisor of 22016 and 4895980.
172
Calculate the greatest common divisor of 57102892 and 31760.
1588
Calculate the highest common divisor of 207594 and 13718.
38
What is the greatest common factor of 80121 and 33099?
51
Calculate the greatest common divisor of 2464 and 145552.
176
Calculate the greatest common factor of 768 and 345744.
48
What is the highest common factor of 216423 and 227668?
173
What is the highest common divisor of 78 and 1165751418?
78
What is the highest common factor of 2923545 and 19296?
201
Calculate the greatest common divisor of 165544 and 7992.
8
What is the greatest common divisor of 17953 and 19643?
13
What is the highest common divisor of 158 and 472894?
158
What is the greatest common factor of 22553 and 19608?
19
Calculate the greatest common factor of 406 and 67857419.
203
What is the greatest common divisor of 6228248 and 416?
104
What is the greatest common factor of 4200390 and 8370?
270
What is the greatest common factor of 3942 and 199552581?
657
What is the highest common divisor of 254093 and 112?
7
Calculate the highest common factor of 184149 and 189600.
237
Calculate the highest common factor of 2318 and 824242553.
1159
What is the greatest common divisor of 6170950 and 21050?
50
Calculate the greatest common factor of 6 and 2182318.
2
What is the greatest common factor of 95953 and 31174?
143
Calculate the highest common factor of 2255 and 24541165.
2255
Calculate the highest common factor of 8175 and 5958921.
327
What is the greatest common factor of 59998250 and 10?
10
What is the highest common factor of 11318292 and 1952388?
6948
What is the greatest common factor of 2578304 and 2112?
64
What is the highest common divisor of 242 and 16560786?
242
Calculate the greatest common factor of 148707 and 1906407.
279
Calculate the greatest common divisor of 350405 and 416185.
1265
What is the highest common factor of 9080328 and 4?
4
What is the greatest common factor of 188836 and 24140?
68
Calculate the greatest common factor of 5694838 and 976.
122
Calculate the highest common factor of 323680 and 83720.
280
What is the highest common factor of 6 and 1504468?
2
Calculate the highest common divisor of 43904 and 28592.
16
What is the highest common factor of 1081325 and 37?
37
Calculate the highest common factor of 25 and 1050336725.
25
What is the highest common divisor of 80532564 and 133?
133
What is the highest common divisor of 88 and 3568741?
11
Calculate the highest common divisor of 52 and 64248353.
13
What is the greatest common divisor of 4990420 and 160?
20
Calculate the highest common factor of 34835707 and 1552.
97
Calculate the highest common divisor of 90584544 and 624.
48
What is the highest common divisor of 644 and 124629617?
161
Calculate the greatest common factor of 776523 and 385.
11
Calculate the highest common factor of 14 and 62423494.
14
What is the greatest common factor of 336234 and 494?
2
What is the highest common factor of 12000 and 5185875?
375
Calculate the highest common factor of 858614 and 464724.
662
What is the greatest common factor of 103555 and 2815?
5
Calculate the highest common divisor of 242852 and 228464.
436
What is the greatest common divisor of 549 and 266767335?
549
What is the greatest common factor of 5688 and 553032?
72
Calculate the greatest common factor of 8405201 and 133.
133
Calculate the greatest common factor of 13 and 7428447.
13
What is the highest common divisor of 7655425 and 59075?
3475
What is the greatest common factor of 778316 and 3332?
196
What is the highest common factor of 15823539 and 27?
27
What is the highest common factor of 642 and 372349514?
214
Calculate the highest common divisor of 256 and 6220425472.
256
Calculate the highest common divisor of 42 and 169891778.
14
What is the greatest common divisor of 1624 and 7354864?
232
What is the highest common factor of 1012380 and 84006?
2154
What is the greatest common factor of 266 and 546763?
133
Calculate the highest common divisor of 1144 and 52189423.
143
What is the highest common factor of 4918140 and 450?
90
Calculate the greatest common factor of 66 and 8375664.
66
What is the greatest common factor of 1080184 and 1848?
56
What is the greatest common divisor of 31348 and 160480?
68
What is the greatest common factor of 876 and 4407594?
438
Calculate the greatest common factor of 8442 and 9339666.
2814
Calculate the highest common factor of 3330 and 7089015.
555
Calculate the greatest common factor of 82 and 1207778.
82
Calculate the greatest common factor of 32579985 and 30.
15
Calculate the greatest common divisor of 1540 and 11552520.
140
Calculate the greatest common factor of 161 and 35013889.
23
Calculate the highest common divisor of 1341127 and 2795.
43
What is the highest common divisor of 146541423 and 4662?
777
Calculate the highest common divisor of 13350 and 4898382.
534
Calculate the highest common divisor of 4043 and 155623.
13
Calculate the highest common factor of 49948 and 7788.
4
What is the greatest common factor of 5420344 and 12?
4
Calculate the greatest common divisor of 385 and 34374109.
77
Calculate the highest common factor of 473649 and 665973.
1023
What is the greatest common factor of 43500 and 22833750?
